e remainder when 188 is divided by a(19).
20
Let z(k) = -2*k + 276. Let q be z(0). What is the remainder when 6/4 - q/(-8) is divided by 10?
6
Suppose -385*k + 382*k + 45 = 0. Let q(x) = -11*x + 1. What is the remainder when q(-3) is divided by (-74)/(-10) + (-6)/k?
6
Suppose -5*f + 36 = -4*f + c, 0 = 3*f - 4*c - 108. What is the remainder when f is divided by 20?
16
Suppose 2*b = -c + 4, 0 = 2*c + 5*b - 3 - 7. Suppose c = z + 3*g + 10, 2*g + 4 = -2*z. Suppose 2*w + 9 = 15. Calculate the remainder when w is divided by z.
1
Let i = 81 - 42. Calculate the remainder when 61 is divided by i.
22
Let v = -319 - -393. What is the remainder when 233 is divided by v?
11
Let g(x) = x**3 + 15*x**2 + 4*x + 65. Calculate the remainder when 62 is divided by g(-15).
2
Let j(a) = 4*a**2 - 60*a - 34. What is the remainder when j(16) is divided by 3?
0
Let c = 133 + -76. Let w = c + -31. Calculate the remainder when 87 is divided by w.
9
Let m(k) = 6*k - 38. Let r be m(7). Suppose -2*h + 3*h - r*o = 21, 2*h + 4*o - 6 = 0. Calculate the remainder when h is divided by 4.
1
Suppose -569 = 4*y - 1649. Suppose -y = -3*m - 3*s, -m = -s + 5*s - 75. Suppose 4*i - 120 = -i. Calculate the remainder when m is divided by i.
23
Let p = 16 + 6. Suppose -3*m - p = -5*t + 18, -5*m = -t + 74. Calculate the remainder when (-906)/(-30) + 3/m is divided by 17.
13
Let i be 15 + -35 + 1 + -1. Let y = 62 + i. Calculate the remainder when y is divided by 9.
6
Let f = -193 - -382. What is the remainder when f is divided by 12?
9
Suppose -3*u - 2*u = 2*l - 8, -4*u = 5*l - 3. Calculate the remainder when 102 is divided by (l + -1)/(3/((-189)/6)).
18
Suppose 0 = -d - 1 + 2. Let g(z) be the second derivative of z**3/3 - 25*z**2/2 - 3*z. Calculate the remainder when g(13) is divided by d.
0
Let f(c) = c**2 + 8*c + 9. Let r = 25 - 32. Let h be f(r). Suppose 2*k + h*k - 32 = 0. What is the remainder when k is divided by 4?
0
Suppose 8 = 2*w, -29 = 3*m - 4*w + 5*w. Let o = 100 - 53. Let v = o + m. What is the remainder when v is divided by 19?
17
Let v be (-5)/(-2)*40/50. Suppose -v*c + 121 = 2*p + 3*p, 0 = 4*p + 20. What is the remainder when c is divided by 37?
36
Let u(n) = -5*n**3 - 3*n**2 - n - 2. Let v be u(-2). Suppose -9*k - v = -11*k. Suppose -5*g + 333 = 68. Calculate the remainder when g is divided by k.
11
Let k = 43 + -43. Let s(h) = -h + 29. What is the remainder when s(k) is divided by 12?
5
Suppose -n - 2*d + 127 = 2*n, -5*d + 25 = 0. Let z be 2/(-8) + (-27)/(-12). Suppose z*q = q + n. Calculate the remainder when q is divided by 14.
11
Let v = -127 - -139. What is the remainder when 81 is divided by v?
9
Let l be 126/8 + (-3)/4. Let m = 10 - l. Let i(t) = -t**3 - 5*t**2 - 2*t. Calculate the remainder when i(m) is divided by 2.
0
Suppose 4*r + 742 = -5*j + 6*j, 0 = -j + 8*r + 754. What is the remainder when j is divided by 12?
10
Let i(s) = 7*s + 751. What is the remainder when i(20) is divided by 3?
0
Let b(n) = -2*n**3 - 116*n**2 - n - 33. Calculate the remainder when 322 is divided by b(-58).
22
Suppose a = 2*p - 12, -5*p + 23 = -5*a - 17. Suppose p*g + 0 = 40. Let j = 4 + -1. What is the remainder when g is divided by j?
1
Let g(f) = 3*f + 2. Let w(d) = 674*d + 5459. What is the remainder when w(-8) is divided by g(4)?
11
Let t(o) = 4*o - 4. Let n be t(1). Let i = -5 - -30. Calculate the remainder when (-7)/4*(-4 + n - 52) is divided by i.
23
Calculate the remainder when -6 + (60 + -64)*(-94)/4 is divided by 15.
13
Let o be (-2)/(-1*4/10). Suppose -2*y = -10, 2*c = 7*c - o*y - 20. What is the remainder when 20 is divided by c?
2
Let n(d) = -29*d. Let p be n(1). Let c be (-46*(-3)/8)/((-9)/(-24)). Let y = c + p. Calculate the remainder when 50 is divided by y.
16
Let v(j) = 6*j**2 - 57*j - 49. What is the remainder when v(11) is divided by 21?
8
Let j be 141/9 - (-12)/(-18). Calculate the remainder when 13 is divided by j/(-35) - 114/(-21).
3
Let r(u) be the first derivative of u**2/2 + 18*u - 9. What is the remainder when 15 is divided by r(-9)?
6
What is the remainder when 690 is divided by 420/(-8)*76/(-190)?
18
Let r = -16 - -20. Let i be (20/(-15))/(r/(-9)). What is the remainder when (-6)/(i/1) - -28 is divided by 9?
8
Let t = -56 - -63. Calculate the remainder when (2/6)/((21/837)/t) is divided by 25.
18
Suppose 5*j - 4*j + 1 = 0. Let x = j + 4. Suppose 19 = x*w - 5. Calculate the remainder when 22 is divided by w.
6
Let g be 3/2*16/(-6). What is the remainder when 113 is divided by g/26 + (-1895)/(-65)?
26
Let x(r) = 3*r - 32. Suppose 5*u - 4*p - 70 = 0, -6*p + 70 = 5*u - 11*p. Calculate the remainder when 37 is divided by x(u).
7
Let h be (-4)/(3 + 0 + -5). Let b(o) = 4*o**3 - 2*o**2 + 2*o - 3. Let p be b(h). Suppose -z + p + 16 = 0. Calculate the remainder when z is divided by 11.
8
Let x(r) = r**3 + 7*r**2 + 3*r + 6. Suppose -8*p = -6*p. Suppose 3*k - 2*k - 14 = p. Calculate the remainder when x(-5) is divided by k.
13
What is the remainder when 124 is divided by (-86)/(-430) + (1 - (-238)/10)?
24
Suppose 4*d = 3*v + 2*d - 35, v = -3*d - 3. What is the remainder when 58 is divided by v?
4
Suppose -7*n - 3*n = -530. What is the remainder when 156 is divided by n?
50
Suppose -4*k - k = -5*s + 60, 0 = -5*s - k + 48. Let c(a) = a**3 + 8*a**2 - 13*a + 3. Calculate the remainder when c(-9) is divided by s.
9
Let p = -1178 + 1208. Calculate the remainder when 1137 is divided by p.
27
Let j(f) = 0*f**2 + 6*f**2 + 8*f - 8 + 1 - 2*f**2 - f**3. Let k = 12 + -5. Calculate the remainder when j(3) is divided by k.
5
Let b(q) = 6 + 6 - 21 + 6 + 17*q. Let a be b(1). Let z = a + -12. Calculate the remainder when 3 is divided by z.
1
Let d = -4035 + 4060. Suppose -3*y + 2 + 7 = 0. What is the remainder when d is divided by y?
1
Let j = -25 + 36. Suppose -3*o + b + 25 = 2*o, -5*o + 40 = 2*b. Calculate the remainder when j is divided by o.
5
Let i(u) = 24*u - 15. What is the remainder when 46 is divided by i(2)?
13
Suppose -5*t + 6*t - 29 = 0. Let g = 17 - t. What is the remainder when g/(-4) + 49 + 1 is divided by 28?
25
Suppose -85 = -4*i - 5*r, i + 4*r + 0*r - 24 = 0. Calculate the remainder when 32 is divided by (-4 + 6 + i)/2.
10
Suppose 4*v = -4, 4*v = 4*y - 251 - 1249. Suppose y = 2*l - 64. Calculate the remainder when l is divided by 10.
9
Let u = -2 + 20. Suppose 0 = 10*i - 476 - 44. Calculate the remainder when i is divided by u.
16
Let j = 231 + -203. Calculate the remainder when 167 is divided by j.
27
Let a = 95 + -51. Let u(d) = 3*d + 1. Let p be u(-5). Let f = a - p. What is the remainder when f is divided by 20?
18
Calculate the remainder when 12/(189/(-203) + 1) is divided by 38.
22
Let j = -391 - -402. What is the remainder when j is divided by 3?
2
Let h be 27/3*(1 - -1). Let w be (h/(-4) - -4)*-4. Suppose -5*j = -0*j + 4*q - 62, 3*j - w*q - 24 = 0. What is the remainder when 17 is divided by j?
7
Let r(u) = -u**2 + 86. Let p be r(0). Suppose 0 = x - 8 - 12 - 15. Calculate the remainder when x is divided by p/7 + 4/(-14).
11
Let o(a) = -a**3 - a**2 - 5*a + 4. What is the remainder when o(-3) is divided by 2?
1
Let o = -80 - -80. Suppose o = 67*k - 70*k + 153. Calculate the remainder when k is divided by 9.
6
Let t be 3*37 - 30/10. Let i = -67 + t. Calculate the remainder when i is divided by 14.
13
Suppose -210*s = -217*s + 161. What is the remainder when 44 is divided by s?
21
Suppose 9 = 3*g - 51. Calculate the remainder when (-32)/((-5)/(g/8)) is divided by 7.
2
Suppose 0 = 5*b - 73 - 242. Let q(j) = 13*j - 49. What is the remainder when b is divided by q(5)?
15
Let d(z) = z**2 - 2*z - 7. Let f be d(3). Let r = 3 + f. What is the remainder when 42/12*(r - -3) is divided by 2?
1
Suppose 0 = 3*c - p - 22 - 57, -c - p = -25. Suppose -12 = -4*m, 87 = 4*z + 2*m + 3*m. Let l = c - z. What is the remainder when 30 is divided by l?
6
Let k(u) = -u**2 - 11*u - 12. Let p be k(-10). Let s be ((-13)/(-4))/(p/(-16)). Let y = s - -16. Calculate the remainder when y is divided by 15.
12
Let f = 120 + -110. Suppose i - 35 = -2*r, -6*r = 3*i - 3*r - 96. What is the remainder when i is divided by f?
9
Let j = -108 + 110. What is the remainder when 194 is divided by j/(-4) - ((-1053)/18 - -8)?
44
Let d(b) = -b**3 - 7*b**2 + 7*b - 7. Let u be d(-8). Calculate the remainder whe